7613. What is the ten thousands digit of b?
5
Suppose -6684 = -109*s + 2581. Let c(m) = -m**2 + 3*m - 1. Let b be c(2). What is the tens digit of (3 - s/15)/(b/(-24))?
6
Suppose 46*i - 7*i - 773444 = 294961. What is the ten thousands digit of i?
2
Suppose -2*v - 2*q = 2128 - 6510, -2*q = -2*v + 4382. What is the tens digit of v?
9
Let r(x) = -5 + 3*x + 3 + 11*x**2 + 1. Let w be r(-4). Suppose 4*d - 584 = 4*i, 2*i - w + 20 = -d. What is the hundreds digit of d?
1
Let a be 6/((-3 + 4)*-1). Let y(d) be the third derivative of d**5/60 - 5*d**4/24 - 4*d**3/3 + 23*d**2. What is the units digit of y(a)?
8
Suppose -32 = -5*b - 4*x, b - 13 = -2*x - 3. Let t(u) = -6*u + 2. Let h be t(-6). Suppose b = -j + h. What is the tens digit of j?
3
What is the hundreds digit of (7 + -7 - -1)*31478?
4
Suppose 9*a - 10 = 4*a. Suppose 4*z + 5*v = 29 + 158, 5*z = a*v + 209. Let w = z - -9. What is the units digit of w?
2
Let j(r) = 2*r - 20. Let v be j(17). Suppose 0 = v*y - 11*y + 168. Let t = 90 + y. What is the units digit of t?
4
Let t be 34 - 1 - (-8)/2. Let b = -21 - -11. Let n = t + b. What is the tens digit of n?
2
Let i = 2085 - 856. Suppose 2*a + 2*a + 3*v = -i, -5*a - 3*v - 1534 = 0. What is the units digit of a/(-6) - 3/(-18)?
1
Let r(c) = 20118*c**3 + 3*c**2 - 13*c + 13. What is the units digit of r(1)?
1
Let p = 607 - 605. Let k(b) = 506*b - 32. What is the units digit of k(p)?
0
Let y(d) = 75*d**2 + 8*d - 2. Let a be y(2). Let n = a + -292. What is the tens digit of n?
2
Let r(m) = 768*m**2 - 12*m + 1. Let w(o) = 3840*o**2 - 66*o + 5. Let u(j) = 11*r(j) - 2*w(j). What is the hundreds digit of u(-1)?
7
Let i be (-109)/7 - 6/14. Let g be (-64)/(-11) - i/88. Suppose 2*x = -g, -3*q - 3*x = -5*q + 71. What is the tens digit of q?
3
Let d = 19464 + -5860. What is the hundreds digit of d?
6
What is the thousands digit of 8*(-517)/(-264)*516?
8
Let x = 19305 + -10328. What is the thousands digit of x?
8
Let c = 3375 + -2002. What is the hundreds digit of c?
3
Let g(a) = 19*a - 108. Let o(l) = 11*l - 55. Let j(w) = -4*g(w) + 7*o(w). Suppose -4*m + 5*m - 2*s + 4 = 0, 0 = 2*m - s + 2. What is the units digit of j(m)?
7
Let b be 18166/8 + 45/36. What is the hundreds digit of 530/(-4)*b/(-710)?
4
Suppose 21*l - 18*l = -129. Let r = -42 - l. What is the hundreds digit of (r - 0)*146 - (-18 - -18)?
1
Suppose l + 3 = 0, 17*g = 18*g + 4*l + 12. Suppose 0 = 3*u - g*u + 3*i - 2175, -i + 3 = 0. What is the units digit of u?
2
Suppose -3*p - 3*p = -396. Let l be (-2)/(-12) + 253/p. Suppose -1846 = -9*u - l*u. What is the hundreds digit of u?
1
Suppose 0 = 6*r + 3*r - 2889. What is the units digit of 192/(-32) + 1*r?
5
Suppose 234*r - 6862230 = 44*r. What is the ten thousands digit of r?
3
Let g = -11 - -11. Suppose g*a - 8*a = -16. Suppose 0 = 5*n + 15, -2*s + 334 = 2*s - a*n. What is the units digit of s?
2
Let p(j) = -25 - 430*j - 11 - 465*j + 513*j. What is the tens digit of p(-2)?
2
Let f(p) = 1819*p - 4926. What is the tens digit of f(8)?
2
Let n = -5 - -5. Suppose -2*v - 3*k = -1270, 4*v + 0*v + 2*k - 2532 = n. What is the tens digit of v?
3
Let f be -5 + 3 + (18 - 1) - -5. Suppose -f = 4*b, -4*r = 3*b - 2*b - 1283. What is the units digit of r?
2
Let k(u) = -u**3 - 2*u**2 + 4*u + 4. Let q be k(-4). Suppose -q = -5*x - 5, 0 = 3*v - 3*x - 6. Suppose -5*b = v*b - 850. What is the units digit of b?
5
Let v be (-6)/(((-8)/32)/((-2)/12)). What is the tens digit of 18/(-27)*174/v?
2
Suppose -164*c = -0*c + 265740 - 1294020. What is the thousands digit of c?
6
Suppose 4*t + 27296 = 4*c, -3*t = -2*c + 6065 + 7580. What is the tens digit of c?
2
Let a(k) = -k - 28. Let s be a(-32). Suppose 0 = 3*v - 3*h - 57, -s*v + 2*h = -3*v - 24. What is the tens digit of v?
1
Suppose 5*r - 51*t - 48260 = -50*t, 2*r = -t + 19311. What is the tens digit of r?
5
Let d(t) = -78*t + 20. Suppose 5*w + 11 = -2*c, 3 + 12 = -3*w. Let v be d(c). Let m = 746 + v. What is the hundreds digit of m?
2
Suppose y + 3 = 0, -45275 = 4*x + 4*y - 182971. What is the hundreds digit of x?
4
Suppose 113*p + 63*p - 6712074 = 538070. What is the thousands digit of p?
1
Let j(h) = -3*h**3 - 6*h**2 - 4*h + 16. Suppose -2*l + 2 = -a - 8, -2 = 2*a + 2*l. Let k be j(a). Suppose 0 = -k*q + 132*q - 872. What is the tens digit of q?
1
Suppose 21*l + 150 = 26*l. Suppose -l = -z + 57. What is the units digit of z?
7
Let q = 380 - 380. What is the hundreds digit of (-15)/(-5) + 289 + (q - 3)?
2
Let k = -146 + 115. Let d = 37 + k. What is the units digit of d?
6
Let m(b) = b**3 - b + 243. Suppose -6*u = 4*u. Let d be m(u). Suppose -4*h + h = -d. What is the units digit of h?
1
Suppose p - 908416 = -31*p. What is the thousands digit of p?
8
Suppose 0 = 9*u + 8*u - 14246. Let i = u - 244. What is the units digit of i?
4
Let r(j) = 344*j**3 + j**2 - 6*j + 6. Let o be r(1). Suppose q - 352 - o = 0. What is the tens digit of q?
9
Suppose -j = 5*x - 164280, 0*x + 4*j - 32856 = -x. What is the units digit of x?
6
Suppose 5*v = -2*h - 28, -v - 16 = 4*h + 4. Let p be v/16*2*-10. What is the tens digit of p*13/(65/42)?
4
Let g be (-1)/2 + (-58995)/(-38). Suppose -5*l + 3136 = 2*y, -2*l - 5*y + g = 306. What is the units digit of l?
8
Suppose -721 - 1066 + 38 = -3*v. What is the units digit of v?
3
Suppose 4*n - 4*m = 4924, -n = -6*m + m - 1239. What is the tens digit of n?
2
Let q(y) = -5*y**2 + 1051*y - 46. What is the units digit of q(208)?
2
Suppose 0*z = 7*z - 273. Suppose 4*g + 120 = 3*b, -z = 3*b + 3*g - 138. What is the tens digit of (-3 + b/8)/(3/234)?
1
Let s(u) = -4*u**2 - 114*u - 55. Let y be s(-28). What is the units digit of (-4 - y)*(-1 + (-6)/15)?
7
Suppose 25*o - 53394 = 18*o + 58438. What is the tens digit of o?
7
What is the thousands digit of (-11889)/(-3) - (-7)/(70/30)?
3
Let g = -591 + 1496. Suppose 2*s = 22*b - 26*b + 1206, -3*b + g = 2*s. What is the hundreds digit of b?
3
Let t = 617 - 601. Suppose -t*u + 2529 + 4735 = 0. What is the units digit of u?
4
What is the units digit of (-27933 + 183)*1/(-3)?
0
Let v(r) = 5*r**2 - 48*r + 131. What is the thousands digit of v(-30)?
6
Suppose 105*h - 1491946 - 715039 = 1474000. What is the units digit of h?
7
Suppose -2*v = 3*d + 6185, 32*d - 15472 = 5*v + 30*d. Let f = 4581 + v. What is the hundreds digit of f?
4
Suppose k = 3*s - 18321, -5*s - 3932 + 34467 = 6*k. What is the hundreds digit of s?
1
Suppose 56*z = 74*z + 147744. What is the tens digit of z/(-10) + (-15 - (-1216)/80)?
2
Let z = 60 - 58. Let j be (75/z)/5*4/(-5). Let c = j + 31. What is the tens digit of c?
2
Suppose -2*a + 4*s + 85130 = 0, 733*a - 735*a - 3*s = -85095. What is the tens digit of a?
5
Suppose 0*o + 9708 + 252 = 24*o. What is the tens digit of o?
1
Suppose 38*r - 41*r = -2*t - 37267, -2*r + 2*t + 24844 = 0. What is the hundreds digit of r?
4
Suppose 3*n = 5*i + 4*n + 148, 5*n = 2*i + 70. Let a = i + 49. Suppose -17*x + a*x - 190 = 0. What is the units digit of x?
5
Suppose -2*i + 14088 = 4*s + 746, -16681 = -5*s + i. Suppose 0*w = 4*w - s. What is the units digit of w?
4
Let q = 4165 - -10125. What is the hundreds digit of q?
2
Suppose -12 = -y - 8. Suppose 10*c - y*c - 312 = 0. What is the units digit of c?
2
Suppose 3*v = -6*i + 10*i + 7650, -5*v + 12808 = 3*i. What is the thousands digit of v?
2
Let u(p) = -p**3 - 27*p**2 + 43*p + 21. Let v(i) = i**3 - 7*i**2 - 16*i + 35. Let j be v(8). What is the units digit of u(j)?
6
Let j(f) = -91*f**3 + f**2 + f. Let b be j(-1). Let v be 3 - (b/1)/1. Let w = 146 + v. What is the units digit of w?
8
Let h = 32817 - 22705. What is the thousands digit of h?
0
Suppose -o + 8*s + 10533 = 7*s, -4*o + 42128 = -5*s. What is the ten thousands digit of o?
1
Suppose h - 28482 = -3*n, 55*n - 56*n = 5*h - 9466. What is the thousands digit of n?
9
Let w(z) = 190*z**3 - 19*z**2 + 144*z + 52. What is the hundreds digit of w(6)?
2
Let x = 1213 - 826. Let a = -37 + x. What is the tens digit of a?
5
Let g = -342 + 557. Suppose 5*u - 2*u = d - g, -2*u = -3*d + 624. What is the hundreds digit of d?
2
Let g(o) = -o**2 - o + 11. Let m be g(2). Suppose 16*s - 19*s + w = -2949, w - 4923 = -m*s. What is the hundreds digit of s?
9
Suppose 4 = -f - 0*f, -5*f - 110 = -5*n. What is the tens digit of 15/n + 1492/24?
6
Let j be 39/26*4/1. Suppose 14*s - 8*s = -j. What is the